{"id":192,"date":"2014-06-02T23:13:03","date_gmt":"2014-06-02T21:13:03","guid":{"rendered":"http:\/\/amapdelalys.org\/blog\/?page_id=192"},"modified":"2015-10-18T11:42:06","modified_gmt":"2015-10-18T09:42:06","slug":"legumes","status":"publish","type":"page","link":"http:\/\/amapdelalys.org\/blog\/legumes\/","title":{"rendered":"L\u00e9gumes"},"content":{"rendered":"<p>Cliquez sur la fiche pour avoir un descriptif du l\u00e9gume. Pour trouver ou partager des id\u00e9es recettes, regardez dans les commentaires !<br \/>\nVous pouvez aussi consulter\u00a0<a href=\"http:\/\/papillesestomaquees.fr\/\" target=\"_blank\">ce site<\/a>,\u00a0recommand\u00e9 par plusieurs amapiens de la Lys ;-)!<br \/>\n\n<table id=\"tablepress-1\" class=\"tablepress tablepress-id-1\">\n<thead>\n<tr class=\"row-1\">\n\t<th class=\"column-1\">Famille<\/th><th class=\"column-2\">Saison<\/th><th class=\"column-3\">L\u00e9gune<\/th><th class=\"column-4\">Image<\/th><th class=\"column-5\">Lien<\/th>\n<\/tr>\n<\/thead>\n<tbody class=\"row-striping row-hover\">\n<tr class=\"row-2\">\n\t<td class=\"column-1\">Cucurbitac\u00e9es<\/td><td class=\"column-2\">Et\u00e9<\/td><td class=\"column-3\">Concombre<\/td><td class=\"column-4\"><a href=\"http:\/\/amapdelalys.org\/blog\/wp-content\/uploads\/2016\/08\/CDC_cuke2.jpg\"><img loading=\"lazy\" decoding=\"async\" src=\"http:\/\/amapdelalys.org\/blog\/wp-content\/uploads\/2016\/08\/CDC_cuke2.jpg\" alt=\"\" width=\"60\" height=\"80\" class=\"alignnone size-full wp-image-590\" \/><\/a><\/td><td class=\"column-5\"><a href=\"http:\/\/amapdelalys.org\/blog\/2016\/08\/concombres\/\/\">Voir la fiche<\/a><\/td>\n<\/tr>\n<tr class=\"row-3\">\n\t<td class=\"column-1\">Ch\u00e9nopodiac\u00e9es<\/td><td class=\"column-2\">Et\u00e9 - automne<\/td><td class=\"column-3\">Blettes<\/td><td class=\"column-4\"><a href=\"http:\/\/amapdelalys.org\/blog\/wp-content\/uploads\/2014\/10\/400px-Chard_with_yellow_stalks1.jpg\"><img loading=\"lazy\" decoding=\"async\" src=\"http:\/\/amapdelalys.org\/blog\/wp-content\/uploads\/2014\/10\/400px-Chard_with_yellow_stalks1.jpg\" alt=\"\" width=\"60\" height=\"80\" class=\"alignnone size-full wp-image-590\" \/><\/a><\/td><td class=\"column-5\"><a href=\"http:\/\/amapdelalys.org\/blog\/2014\/10\/les-blettes\/\">Voir la fiche<\/a><\/td>\n<\/tr>\n<tr class=\"row-4\">\n\t<td class=\"column-1\">Ast\u00e9rac\u00e9es<\/td><td class=\"column-2\">Et\u00e9<\/td><td class=\"column-3\">Celtuce (Laitue asperge)<\/td><td class=\"column-4\"><a href=\"http:\/\/amapdelalys.org\/blog\/wp-content\/uploads\/2014\/06\/celtuce.jpg\"><img loading=\"lazy\" decoding=\"async\" src=\"http:\/\/amapdelalys.org\/blog\/wp-content\/uploads\/2014\/06\/celtuce-150x150.jpg\" alt=\"\" width=\"50\" height=\"50\" class=\"alignnone size-thumbnail wp-image-208\" srcset=\"http:\/\/amapdelalys.org\/blog\/wp-content\/uploads\/2014\/06\/celtuce-150x150.jpg 150w, http:\/\/amapdelalys.org\/blog\/wp-content\/uploads\/2014\/06\/celtuce-300x300.jpg 300w, http:\/\/amapdelalys.org\/blog\/wp-content\/uploads\/2014\/06\/celtuce.jpg 1000w\" sizes=\"auto, (max-width: 50px) 100vw, 50px\" \/><\/a><\/td><td class=\"column-5\"><a href=\"http:\/\/amapdelalys.org\/blog\/2014\/10\/la-celtuce\/\">Voir la fiche<\/a><\/td>\n<\/tr>\n<tr class=\"row-5\">\n\t<td class=\"column-1\">Curcubitac\u00e9es<\/td><td class=\"column-2\">Automne<\/td><td class=\"column-3\">Courge Spaghetti<\/td><td class=\"column-4\"><a href=\"http:\/\/amapdelalys.org\/blog\/wp-content\/uploads\/2014\/04\/graines-courge-spaghetti-seeds.jpg\"><img loading=\"lazy\" decoding=\"async\" src=\"http:\/\/amapdelalys.org\/blog\/wp-content\/uploads\/2014\/04\/graines-courge-spaghetti-seeds-150x150.jpg\" alt=\"\" width=\"50\" height=\"50\" class=\"alignnone size-thumbnail wp-image-56\" srcset=\"http:\/\/amapdelalys.org\/blog\/wp-content\/uploads\/2014\/04\/graines-courge-spaghetti-seeds-150x150.jpg 150w, http:\/\/amapdelalys.org\/blog\/wp-content\/uploads\/2014\/04\/graines-courge-spaghetti-seeds.jpg 300w\" sizes=\"auto, (max-width: 50px) 100vw, 50px\" \/><\/a><\/td><td class=\"column-5\"><a href=\"http:\/\/amapdelalys.org\/blog\/2014\/04\/la-courge-spaghetti\/\">Voir la fiche<\/a><\/td>\n<\/tr>\n<tr class=\"row-6\">\n\t<td class=\"column-1\">Cucurbitac\u00e9es<\/td><td class=\"column-2\">Automne<\/td><td class=\"column-3\">Courges, potirons, potimarrons<\/td><td class=\"column-4\"><a href=\"http:\/\/amapdelalys.org\/blog\/wp-content\/uploads\/2014\/10\/1266916_571566766242170_239542944_o2.jpg\"><img loading=\"lazy\" decoding=\"async\" src=\"http:\/\/amapdelalys.org\/blog\/wp-content\/uploads\/2014\/10\/1266916_571566766242170_239542944_o2.jpg\" alt=\"\" width=\"70\" height=\"59\" class=\"alignnone size-full wp-image-523\" \/><\/a><\/td><td class=\"column-5\"><a href=\"http:\/\/amapdelalys.org\/blog\/2014\/10\/les-courges-potirons-et-potimarrons\/\">Voir la fiche<\/a><\/td>\n<\/tr>\n<tr class=\"row-7\">\n\t<td class=\"column-1\">Apiac\u00e9es<\/td><td class=\"column-2\">Hiver<\/td><td class=\"column-3\">C\u00e9leri-rave<\/td><td class=\"column-4\"><a href=\"http:\/\/amapdelalys.org\/blog\/wp-content\/uploads\/2014\/06\/celeri-rave-branche.jpg\"><img loading=\"lazy\" decoding=\"async\" src=\"http:\/\/amapdelalys.org\/blog\/wp-content\/uploads\/2014\/06\/celeri-rave-branche-150x150.jpg\" alt=\"\" width=\"50\" height=\"50\" class=\"alignnone size-thumbnail wp-image-204\" \/><\/a><\/td><td class=\"column-5\"><\/td>\n<\/tr>\n<tr class=\"row-8\">\n\t<td class=\"column-1\">Fabac\u00e9es<\/td><td class=\"column-2\">Et\u00e9<\/td><td class=\"column-3\">F\u00e8ves<\/td><td class=\"column-4\"><a href=\"http:\/\/amapdelalys.org\/blog\/wp-content\/uploads\/2014\/07\/feves_avant_epluchage.jpg\"><img loading=\"lazy\" decoding=\"async\" src=\"http:\/\/amapdelalys.org\/blog\/wp-content\/uploads\/2014\/07\/feves_avant_epluchage-150x150.jpg\" alt=\"\" width=\"50\" height=\"50\" class=\"alignnone size-thumbnail wp-image-338\" \/><\/a><\/td><td class=\"column-5\"><a href=\"http:\/\/amapdelalys.org\/blog\/2015\/05\/feves\/\">Voir la fiche<\/a><\/td>\n<\/tr>\n<tr class=\"row-9\">\n\t<td class=\"column-1\">Apiac\u00e9es<br \/>\n<\/td><td class=\"column-2\">Hiver<\/td><td class=\"column-3\">Panais<\/td><td class=\"column-4\"><a href=\"http:\/\/amapdelalys.org\/blog\/wp-content\/uploads\/2014\/06\/Panais.jpg\"><img loading=\"lazy\" decoding=\"async\" src=\"http:\/\/amapdelalys.org\/blog\/wp-content\/uploads\/2014\/06\/Panais-150x150.jpg\" alt=\"\" width=\"50\" height=\"50\" class=\"alignnone size-thumbnail wp-image-201\" \/><\/a><\/td><td class=\"column-5\"><\/td>\n<\/tr>\n<tr class=\"row-10\">\n\t<td class=\"column-1\">Brassicac\u00e9es<\/td><td class=\"column-2\">Hiver<\/td><td class=\"column-3\">Radis rave (noir, da\u00efkon...)<\/td><td class=\"column-4\"><a href=\"http:\/\/amapdelalys.org\/blog\/wp-content\/uploads\/2014\/11\/Radis_noir.jpg\"><img loading=\"lazy\" decoding=\"async\" src=\"http:\/\/amapdelalys.org\/blog\/wp-content\/uploads\/2014\/11\/Radis_noir-150x150.jpg\" alt=\"\" width=\"50\" height=\"45\" class=\"alignnone size-thumbnail wp-image-609\" \/><\/a><\/td><td class=\"column-5\"><a href=\"http:\/\/amapdelalys.org\/blog\/2014\/11\/radis-raves-noirs-daikons-violets\/\">Voir la fiche<\/a><\/td>\n<\/tr>\n<tr class=\"row-11\">\n\t<td class=\"column-1\">Brassicac\u00e9es<\/td><td class=\"column-2\">Hiver<\/td><td class=\"column-3\">Rutabaga<\/td><td class=\"column-4\"><a href=\"http:\/\/amapdelalys.org\/blog\/wp-content\/uploads\/2014\/11\/799px-Steckr\u00fcbe_Brassica_napus_subsp_rapifera.jpg\"><img loading=\"lazy\" decoding=\"async\" src=\"http:\/\/amapdelalys.org\/blog\/wp-content\/uploads\/2014\/11\/799px-Steckr\u00fcbe_Brassica_napus_subsp_rapifera-150x150.jpg\" alt=\"\" width=\"50\" height=\"50\" class=\"alignnone size-thumbnail wp-image-613\" \/><\/a><\/td><td class=\"column-5\"><a href=\"http:\/\/amapdelalys.org\/blog\/2014\/11\/rutabaga\/\">Voir la fiche<\/a><\/td>\n<\/tr>\n<tr class=\"row-12\">\n\t<td class=\"column-1\">Brassicac\u00e9es<\/td><td class=\"column-2\">Hiver et printemps<\/td><td class=\"column-3\">Navet<\/td><td class=\"column-4\"><a href=\"http:\/\/amapdelalys.org\/blog\/wp-admin\/post.php?post=673&amp;action=edit\"><img loading=\"lazy\" decoding=\"async\" src=\"http:\/\/amapdelalys.org\/blog\/wp-content\/uploads\/2015\/02\/1024px-Turnip_2622027.jpg\" alt=\"\" width=\"50\" height=\"45\" class=\"alignnone size-thumbnail wp-image-609\" \/><\/a><\/td><td class=\"column-5\"><a href=\" http:\/\/amapdelalys.org\/blog\/2015\/02\/navets\/\">Voir la fiche<\/a><\/td>\n<\/tr>\n<tr class=\"row-13\">\n\t<td class=\"column-1\">Ast\u00e9rac\u00e9es<\/td><td class=\"column-2\">Hiver<\/td><td class=\"column-3\">Topinambour<\/td><td class=\"column-4\"><a href=\"http:\/\/amapdelalys.org\/blog\/wp-content\/uploads\/2015\/02\/images-150x150.jpeg\"><img loading=\"lazy\" decoding=\"async\" src=\"http:\/\/amapdelalys.org\/blog\/wp-content\/uploads\/2015\/02\/images.jpeg\" alt=\"\" width=\"50\" height=\"50\" class=\"alignnone size-thumbnail wp-image-613\" \/><\/a><\/td><td class=\"column-5\"><a href=\"http:\/\/amapdelalys.org\/blog\/2015\/02\/topinambour\/\">Voir la fiche<\/a><\/td>\n<\/tr>\n<tr class=\"row-14\">\n\t<td class=\"column-1\">Brassicac\u00e9es<\/td><td class=\"column-2\">Hiver et printemps<\/td><td class=\"column-3\">Cresson Al\u00e9nois<\/td><td class=\"column-4\"><a href=\"http:\/\/amapdelalys.org\/blog\/wp-content\/uploads\/2015\/03\/640px-Gartenkresse.jpg\"><img loading=\"lazy\" decoding=\"async\" src=\"http:\/\/amapdelalys.org\/blog\/wp-content\/uploads\/2015\/03\/640px-Gartenkresse.jpg\" alt=\"\" width=\"50\" height=\"50\" class=\"alignnone size-thumbnail wp-image-613\" \/><\/a><\/td><td class=\"column-5\"><a href=\"http:\/\/amapdelalys.org\/blog\/2015\/03\/cresson-alenois\/\/\">Voir la fiche<\/a><\/td>\n<\/tr>\n<tr class=\"row-15\">\n\t<td class=\"column-1\">Apiac\u00e9es<\/td><td class=\"column-2\">Hiver, printemps, automne<\/td><td class=\"column-3\">Fenouil<\/td><td class=\"column-4\"><a href=\"http:\/\/amapdelalys.org\/blog\/wp-content\/uploads\/2015\/03\/640px-Gartenkresse.jpg\"><img loading=\"lazy\" decoding=\"async\" src=\"http:\/\/amapdelalys.org\/blog\/wp-content\/uploads\/2015\/04\/Foeniculum_vulgare_Mill__var__azoricum_-_Gem\u00fcsefenchel.jpg\" alt=\"\" width=\"50\" height=\"50\" class=\"alignnone size-thumbnail wp-image-613\" \/><\/a><\/td><td class=\"column-5\"><a href=\"http:\/\/amapdelalys.org\/blog\/2015\/04\/le-fenouil\/\">Voir la fiche<\/a><\/td>\n<\/tr>\n<tr class=\"row-16\">\n\t<td class=\"column-1\">Taraxacum<\/td><td class=\"column-2\">printemps, \u00e9t\u00e9<\/td><td class=\"column-3\">pissenlit<\/td><td class=\"column-4\"><a href=\"http:\/\/amapdelalys.org\/blog\/2015\/05\/pissenlit\/\"><img loading=\"lazy\" decoding=\"async\" src=\"http:\/\/amapdelalys.org\/blog\/wp-content\/uploads\/2015\/05\/pissenlit-culture-300x200.jpg\" alt=\"\" width=\"50\" height=\"50\" class=\"alignnone size-thumbnail wp-image-613\" \/><\/a><\/td><td class=\"column-5\"><a href=\"http:\/\/amapdelalys.org\/blog\/2015\/05\/pissenlit\/\">Voir la fiche<\/a><\/td>\n<\/tr>\n<tr class=\"row-17\">\n\t<td class=\"column-1\">Brassicac\u00e9es<\/td><td class=\"column-2\">Hiver, automne<\/td><td class=\"column-3\">Choux Kale<\/td><td class=\"column-4\"><a href=\"http:\/\/amapdelalys.org\/blog\/2016\/09\/chou-kale\/\"><img loading=\"lazy\" decoding=\"async\" src=\"http:\/\/amapdelalys.org\/blog\/wp-content\/uploads\/2016\/09\/Gr\u00fcnkohl.jpg\" alt=\"\" width=\"50\" height=\"50\" class=\"alignnone size-thumbnail wp-image-613\" \/><\/a><\/td><td class=\"column-5\"><a href=\"http:\/\/amapdelalys.org\/blog\/2016\/09\/chou-kale\/\">Voir la fiche<\/a><\/td>\n<\/tr>\n<tr class=\"row-18\">\n\t<td class=\"column-1\">Ast\u00e9rac\u00e9es<\/td><td class=\"column-2\">Hiver<\/td><td class=\"column-3\">Salsifis\/scorson\u00e8res<\/td><td class=\"column-4\"><\/td><td class=\"column-5\"><a href=\"http:\/\/amapdelalys.org\/blog\/2019\/02\/salsifis-et-scorsoneres\/\/\">Voir la fiche<\/a><\/td>\n<\/tr>\n<tr class=\"row-19\">\n\t<td class=\"column-1\">Ast\u00e9rac\u00e9es<\/td><td class=\"column-2\">Automne, hiver<\/td><td class=\"column-3\">Chicor\u00e9es<\/td><td class=\"column-4\"><a href=\"http:\/\/amapdelalys.org\/blog\/wp-content\/uploads\/2019\/09\/frise.png\"><img loading=\"lazy\" decoding=\"async\" src=\"http:\/\/amapdelalys.org\/blog\/wp-content\/uploads\/2019\/09\/frise.png\" alt=\"\" width=\"50\" height=\"50\" class=\"alignnone size-thumbnail wp-image-<\/td><td class=\"column-5\"><a href=\"http:\/\/amapdelalys.org\/blog\/2019\/09\/la-chicoree-frisee-scarole\/\">Voir la fiche<\/a><\/td>\n<\/tr>\n<tr class=\"row-20\">\n\t<td class=\"column-1\">Brassicac\u00e9es<\/td><td class=\"column-2\">Automne, hiver<\/td><td class=\"column-3\">Choux Pomm\u00e9s<\/td><td class=\"column-4\"><a href=\"http:\/\/amapdelalys.org\/blog\/wp-content\/uploads\/2020\/09\/Chou_de_Milan.jpg\" alt=\"\" width=\"50\" height=\"50\" class=\"alignnone size-thumbnail wp-image-613\" \/><\/a><\/td><td class=\"column-5\"><a href=\"http:\/\/amapdelalys.org\/blog\/2020\/09\/les-choux-pommes\/\">Voir la fiche<\/a><\/td>\n<\/tr>\n<\/tbody>\n<\/table>\n<!-- #tablepress-1 from cache --><\/p>\n","protected":false},"excerpt":{"rendered":"<p>Cliquez sur la fiche pour avoir un descriptif du l\u00e9gume. Pour trouver ou partager des id\u00e9es recettes, regardez dans les commentaires ! Vous pouvez aussi consulter\u00a0ce site,\u00a0recommand\u00e9 par plusieurs amapiens de la Lys ;-)!<\/p>\n","protected":false},"author":1,"featured_media":0,"parent":0,"menu_order":0,"comment_status":"closed","ping_status":"open","template":"","meta":{"wprm-recipe-roundup-name":"","wprm-recipe-roundup-description":"","footnotes":""},"class_list":["post-192","page","type-page","status-publish","hentry"],"_links":{"self":[{"href":"http:\/\/amapdelalys.org\/blog\/wp-json\/wp\/v2\/pages\/192","targetHints":{"allow":["GET"]}}],"collection":[{"href":"http:\/\/amapdelalys.org\/blog\/wp-json\/wp\/v2\/pages"}],"about":[{"href":"http:\/\/amapdelalys.org\/blog\/wp-json\/wp\/v2\/types\/page"}],"author":[{"embeddable":true,"href":"http:\/\/amapdelalys.org\/blog\/wp-json\/wp\/v2\/users\/1"}],"replies":[{"embeddable":true,"href":"http:\/\/amapdelalys.org\/blog\/wp-json\/wp\/v2\/comments?post=192"}],"version-history":[{"count":11,"href":"http:\/\/amapdelalys.org\/blog\/wp-json\/wp\/v2\/pages\/192\/revisions"}],"predecessor-version":[{"id":1026,"href":"http:\/\/amapdelalys.org\/blog\/wp-json\/wp\/v2\/pages\/192\/revisions\/1026"}],"wp:attachment":[{"href":"http:\/\/amapdelalys.org\/blog\/wp-json\/wp\/v2\/media?parent=192"}],"curies":[{"name":"wp","href":"https:\/\/api.w.org\/{rel}","templated":true}]}}